{"id":1113,"date":"2025-01-24T19:13:08","date_gmt":"2025-01-24T19:13:08","guid":{"rendered":"https:\/\/pure-vibration.com\/shop\/?post_type=product&#038;p=1113"},"modified":"2025-05-29T12:35:34","modified_gmt":"2025-05-29T12:35:34","slug":"svetlobni-riding","status":"publish","type":"product","link":"https:\/\/pure-vibration.com\/shop\/izdelek\/svetlobni-riding\/","title":{"rendered":"Svetlobni riding"},"content":{"rendered":"<div>\n<h4><strong><br \/>\nSvetlobni riding \u2013 intuitivna podpora in aktivacija va\u0161e poti<\/strong><\/h4>\n<p>Svetlobni riding zajema cca. 30-minutni kanaliziran riding, kjer prejmete jasno usmeritev in energijsko podporo za va\u0161o pot. Gre za posebno kombinacijo kanaliziranega vpogleda v va\u0161e trenutno stanje ali situacijo, za katero postavite svoje vpra\u0161anje, sporo\u010dil za va\u0161e \u017eivljenje in svetlobnih aktivacij, ki podprejo prejete informacije na najgloblji energijski ravni.<\/p>\n<p><strong>Ta proces vam omogo\u010da, da:<\/strong><\/p>\n<ul>\n<li>na podlagi 3 svetlobnih kart prejmete jasne odgovore in smernice za va\u0161e vpra\u0161anje ali trenutni \u017eivljenjski izziv<\/li>\n<li>razumete, kaj se trenutno dogaja v va\u0161em energijskem polju in kako to vpliva na va\u0161e \u017eivljenje<\/li>\n<li>sprostite energijske blokade, ki vam prepre\u010dujejo napredek, in odprete vrata novim prilo\u017enostim<\/li>\n<li>prejmete aktivacije za la\u017eje vzpostavljanje ravnovesja na novi poti<\/li>\n<li>harmonizirate svojo energijo ter vzpostavite globok ob\u010dutek vedenja, kak\u0161na je va\u0161a pot naprej<\/li>\n<li>pove\u017eete se s svojo izvorno energijo in ob\u010dutite, kot da ste na\u0161li svoj notranji dom<\/li>\n<\/ul>\n<p>Svetlobni riding je popolnoma prilagojen vam \u2013 vsak vpogled in aktivacija izhajata iz tega, kar trenutno najbolj potrebujete na splo\u0161no ali za izziv, ki ga pogledava. Povezujemo se z energijskimi frekvencami, ki so neposredno usklajene z va\u0161im vi\u0161jim jazom, in vam pomagajo, da se uskladite s svojo potjo, ki je v va\u0161e najvi\u0161je dobro.<\/p>\n<p>\u2728\u2728\u2728<\/p>\n<p><strong>Kako poteka svetlobni riding?<\/strong><br \/>\nOdprem vam 3 svetlobne karte. Po vsaki karti sledi intuitivno kanaliziranje, kjer prejmem sporo\u010dila, ki vam prina\u0161ajo jasnost, smernice in globlje razumevanje va\u0161e situacije. Nato s svetlobnimi aktivacijami podprem prejete informacije, da se energijsko uskladijo z vami in boste la\u017eje stopili na novo pot ali sledili \u017ee ustaljeni, opravili spremembe ali karkoli vam je namenjeno.<\/p>\n<p><strong>Komu je namenjen?<\/strong><br \/>\nSvetlobni riding je primeren za vse, ki si \u017eelijo:<\/p>\n<ul>\n<li>bolj\u0161e jasnosti v \u017eivljenju<\/li>\n<li>natan\u010dne in globoke energijske podpore pri soo\u010danju z izzivi<\/li>\n<li>odpiranja novih prilo\u017enosti in premikov v svoji energiji<\/li>\n<li>intuitivne podpore in povezave z vi\u0161jimi dimenzijami<\/li>\n<\/ul>\n<p><strong>Primeri vpra\u0161anja, ki ga zastavite: \u00a0\u00a0<\/strong><\/p>\n<ul>\n<li>Kako lahko ozdravim svoje srce, da bi pritegnil v svojega pravega \u017eivljenjskega partnerja?<\/li>\n<li>Kako lahko uporabim svoje darove, da bom do\u017eivel hitrej\u0161e zdravljenje?<\/li>\n<li>Kako lahko uporabim svoje darove, da ozdravim dolo\u010deno stanje?<\/li>\n<li>Kako lahko odpravim blokade, ki mi prepre\u010dujejo zdravljenje?<\/li>\n<li>Kako lahko vzdr\u017eujem stanje dobrega po\u010dutja?<\/li>\n<li>Kako lahko bolje uporabim svoje duhovne darove, da ohranim pretok energije in vzdr\u017eujem bolj\u0161e zdravje?<\/li>\n<li>Kako lahko ozdravim \u010dustveno travmo, ki je v ozadju moje bolezni xy?<\/li>\n<li>Kako lahko izkoristim svoje darove, da bom u\u017eival v bolj zadovoljujo\u010dem razmerju?<\/li>\n<li>Kako lahko najbolje izkoristim svoje darove, da ustvarim bolj\u0161e \u017eivljenje za svojo dru\u017eino in sebe?<\/li>\n<li>Kako lahko uporabim svoje darove, da bom bolje slu\u017eil svetu?<\/li>\n<li>Na kaj bi se moral osredoto\u010diti v svojem \u017eivljenju, da bi do\u017eivel ve\u010djo izpopolnitev?<\/li>\n<li>Kako lahko svoje darove uporabim za odpravljanje strahov, ki mi prepre\u010dujejo, da bi \u017eivel svoj najve\u010dji potencial?<\/li>\n<li>Kako lahko uporabim svoje darove, da bi do\u017eivel ve\u010djo blaginjo?<\/li>\n<li>Kako lahko najbolje uporabim svoje darove, da mi pomagajo do\u017eiveti ve\u010dji \u010dustveni mir?<\/li>\n<li>Kako lahko ozdravim rane iz otro\u0161tva, ki so me v \u017eivljenju ovirale?<\/li>\n<li>Kako lahko bolje dostopam do svoje intuitivne modrosti?<\/li>\n<li>Kak\u0161en dnevni obred bi lahko uvedel v svoje \u017eivljenje, da bi spodbudil globljo povezanost z bo\u017eanskim?<\/li>\n<li>Kako se lahko prilagodim, da se bom po\u010dutil bolje?<\/li>\n<li>\u010cesa sem se \u017eelel kot du\u0161a nau\u010diti med svojim \u017eivljenjem na Zemlji?<\/li>\n<\/ul>\n<p>Svetlobni riding vam pomaga ustvariti harmoni\u010dno povezavo med va\u0161im trenutnim celostnim stanjem, notranjimi potenciali in univerzalno energijo, da postanete ustvarjalec svoje resni\u010dnosti.<\/p>\n<p>\u2728\u2728\u2728<\/p>\n<\/div>\n<div>\n<p>Ve\u010d o svetlobnem jeziku si lahko preberete <strong><a href=\"https:\/\/pure-vibration.com\/aktivacije-s-svetlobnim-jezikom\/\">TUKAJ<\/a><\/strong>.<\/p>\n<\/div>\n","protected":false},"excerpt":{"rendered":"<p>Prejmete 30-minutni posnetek s kanaliziranimi sporo\u010dili in podporo s svetlobnimi aktivacijami, da la\u017eje vkomponirate sporo\u010dila, ki so va\u0161a du\u0161na pot, v svoje \u017eivljenje.<\/p>\n<p>Ob naro\u010dilu postavite svoje vpra\u0161anje za eno podro\u010dje, da zares prejmete \u010dim bolj podrobna sporo\u010dila za to\u010dno ta va\u0161 izziv.<\/p>\n<p>&nbsp;<\/p>\n","protected":false},"featured_media":1127,"template":"","meta":[],"product_brand":[],"product_cat":[38],"product_tag":[31,33,32,30],"class_list":{"0":"post-1113","1":"product","2":"type-product","3":"status-publish","4":"has-post-thumbnail","6":"product_cat-drugo-svetlobni-jezik","7":"product_tag-aktivacija-s-svetlobnim-jezikom","8":"product_tag-energijska-podpora","9":"product_tag-svetlobne-kode","10":"product_tag-svetlobni-jezik","12":"first","13":"instock","14":"virtual","15":"purchasable","16":"product-type-simple"},"jetpack_sharing_enabled":true,"_links":{"self":[{"href":"https:\/\/pure-vibration.com\/shop\/wp-json\/wp\/v2\/product\/1113","targetHints":{"allow":["GET"]}}],"collection":[{"href":"https:\/\/pure-vibration.com\/shop\/wp-json\/wp\/v2\/product"}],"about":[{"href":"https:\/\/pure-vibration.com\/shop\/wp-json\/wp\/v2\/types\/product"}],"wp:featuredmedia":[{"embeddable":true,"href":"https:\/\/pure-vibration.com\/shop\/wp-json\/wp\/v2\/media\/1127"}],"wp:attachment":[{"href":"https:\/\/pure-vibration.com\/shop\/wp-json\/wp\/v2\/media?parent=1113"}],"wp:term":[{"taxonomy":"product_brand","embeddable":true,"href":"https:\/\/pure-vibration.com\/shop\/wp-json\/wp\/v2\/product_brand?post=1113"},{"taxonomy":"product_cat","embeddable":true,"href":"https:\/\/pure-vibration.com\/shop\/wp-json\/wp\/v2\/product_cat?post=1113"},{"taxonomy":"product_tag","embeddable":true,"href":"https:\/\/pure-vibration.com\/shop\/wp-json\/wp\/v2\/product_tag?post=1113"}],"curies":[{"name":"wp","href":"https:\/\/api.w.org\/{rel}","templated":true}]}}