{"id":708,"date":"2023-12-14T13:15:13","date_gmt":"2023-12-14T13:15:13","guid":{"rendered":"https:\/\/pure-vibration.com\/shop\/?post_type=product&#038;p=708"},"modified":"2026-01-30T20:52:44","modified_gmt":"2026-01-30T20:52:44","slug":"program-za-empate-ziveti-s-svojimi-darovi","status":"publish","type":"product","link":"https:\/\/pure-vibration.com\/shop\/izdelek\/program-za-empate-ziveti-s-svojimi-darovi\/","title":{"rendered":"Program za empate &#8211; \u017diveti s svojimi darovi"},"content":{"rendered":"<h2><strong>Program za empate &#8211; \u017diveti s svojimi darovi (posnetek)<br \/>\n<\/strong><\/h2>\n<p>&nbsp;<\/p>\n<blockquote><p>Program z ogromno AHA momenti ter orodji in smernicami za sre\u010dnega in svobodnega empata<\/p><\/blockquote>\n<h4><strong>TEST: Si empat?<\/strong><\/h4>\n<div class=\"x1e56ztr\"><\/div>\n<div class=\"x1e56ztr\"><span class=\"x193iq5w xeuugli x13faqbe x1vvkbs x1xmvt09 x6prxxf xvq8zen xo1l8bm xzsf02u\"><b>Vabim te, da odgovori\u0161 na spodnja vpra\u0161anja z &#8220;DA&#8221;, &#8220;NE&#8221; ali &#8220;pogosto krat&#8221;:<\/b><\/span><\/div>\n<div><\/div>\n<ol class=\"x1e56ztr x1xmf6yo x1xfsgkm x3yw8vx\">\n<li>\n<div class=\"x1e56ztr\"><span class=\"x193iq5w xeuugli x13faqbe x1vvkbs x1xmvt09 x6prxxf xvq8zen xo1l8bm xzsf02u\">Te iz\u010drpa, ko si v skupini ljudi, in potrebuje\u0161 ve\u010d \u010dasa, da se ponovno sestavi\u0161?<\/span><\/div>\n<\/li>\n<li>\n<div class=\"x1e56ztr\"><span class=\"x193iq5w xeuugli x13faqbe x1vvkbs x1xmvt09 x6prxxf xvq8zen xo1l8bm xzsf02u\">Te kdaj iz\u010drpajo zvoki, vonjave in drugi dra\u017eljaji iz okolice?<\/span><\/div>\n<\/li>\n<li>\n<div class=\"x1e56ztr\"><span class=\"x193iq5w xeuugli x13faqbe x1vvkbs x1xmvt09 x6prxxf xvq8zen xo1l8bm xzsf02u\">Se pod stresom soo\u010da\u0161 s prenajedanjem ali kako odvisnostjo?<\/span><\/div>\n<\/li>\n<li>\n<div class=\"x1e56ztr\"><span class=\"x193iq5w xeuugli x13faqbe x1vvkbs x1xmvt09 x6prxxf xvq8zen xo1l8bm xzsf02u\">Se hitro vznemiri\u0161?<\/span><\/div>\n<\/li>\n<li>\n<div class=\"x1e56ztr\"><span class=\"x193iq5w xeuugli x13faqbe x1vvkbs x1xmvt09 x6prxxf xvq8zen xo1l8bm xzsf02u\">Si ob\u010dutljiv\/a na kemikalije?<\/span><\/div>\n<\/li>\n<li>\n<div class=\"x1e56ztr\"><span class=\"x193iq5w xeuugli x13faqbe x1vvkbs x1xmvt09 x6prxxf xvq8zen xo1l8bm xzsf02u\">Se hitro odzove\u0161 na stimulanse (kava, alkohol &#8230;) ali na zdravila?<\/span><\/div>\n<\/li>\n<li>\n<div class=\"x1e56ztr\"><span class=\"x193iq5w xeuugli x13faqbe x1vvkbs x1xmvt09 x6prxxf xvq8zen xo1l8bm xzsf02u\">Ali drugi menijo, da si preob\u010dutljiv\/a?<\/span><\/div>\n<\/li>\n<li>\n<div class=\"x1e56ztr\"><span class=\"x193iq5w xeuugli x13faqbe x1vvkbs x1xmvt09 x6prxxf xvq8zen xo1l8bm xzsf02u\">Velikokrat prevzame\u0161 nase \u010dustva (strahove, \u017ealost, potrtost, tesnobo, skrbi &#8230;) drugih?<\/span><\/div>\n<\/li>\n<li>\n<div class=\"x1e56ztr\"><span class=\"x193iq5w xeuugli x13faqbe x1vvkbs x1xmvt09 x6prxxf xvq8zen xo1l8bm xzsf02u\">Se raje dru\u017ei\u0161 na kratko in v manj\u0161ih skupinah, z izbranimi ljudmi?<\/span><\/div>\n<\/li>\n<li>\n<div class=\"x1e56ztr\"><span class=\"x193iq5w xeuugli x13faqbe x1vvkbs x1xmvt09 x6prxxf xvq8zen xo1l8bm xzsf02u\">Si baterije najraje polni\u0161 v naravi?<\/span><\/div>\n<\/li>\n<li>Ima\u0161 alergije?<\/li>\n<li>Ima\u0161 prekomerno te\u017eo, pa nikakor ne more\u0161 zgubiti kilogramov?<\/li>\n<\/ol>\n<p>&nbsp;<\/p>\n<p><span class=\"x193iq5w xeuugli x13faqbe x1vvkbs x1xmvt09 x6prxxf xvq8zen xo1l8bm xzsf02u\">\u010ce na tretjino vpra\u0161anj odgovori\u0161 z\u00a0<b>&#8220;DA&#8221;<\/b>\u00a0ali\u00a0<b>&#8220;pogosto krat&#8221;<\/b>, spada\u0161 med empat<span class=\"x3nfvp2 x1j61x8r x1fcty0u xdj266r xhhsvwb xat24cr xgzva0m xxymvpz xlup9mm x1kky2od\">e. <\/span><\/span><span class=\"x193iq5w xeuugli x13faqbe x1vvkbs x1xmvt09 x6prxxf xvq8zen xo1l8bm xzsf02u\">\u010ce pa je takih odgovorov ve\u010d kot polovica, verjamem, da si \u017ee na poti do iz\u010drpanja, saj te dra\u017eljaji iz okolja velikokrat\/preve\u010dkrat iz\u010drpajo, zato vabljen\/a, da se pridru\u017ei\u0161 tej <b><i>delavnici za empate.<\/i><\/b><\/span><\/p>\n<p>&nbsp;<\/p>\n<h2><strong>Program za empate:<\/strong><\/h2>\n<p>&nbsp;<\/p>\n<h3>1. del: Ritual pre\u010di\u0161\u010devanja zunanjih energij in postavljanja energijskih mej<\/h3>\n<p>&nbsp;<\/p>\n<div class=\"x1e56ztr\"><span class=\"x193iq5w xeuugli x13faqbe x1vvkbs x1xmvt09 x6prxxf xvq8zen xo1l8bm xzsf02u\">Da se nau\u010dimo \u017eiveti v so\u017eitju z vsemi energijami okoli nas, te vabim, da skupaj gremo v mo\u010dno \u010di\u0161\u010denje vseh ne\u017eelenih energij, ki so se \u017ee obesile na nas, v rezanje vezi z osebami, ki so v na\u0161em energijskem biopolju in \u010drpajo na\u0161o energijo, ter v postavljanje mej. <\/span><\/div>\n<p>&nbsp;<\/p>\n<div><\/div>\n<div class=\"x1e56ztr\"><span class=\"x193iq5w xeuugli x13faqbe x1vvkbs x1xmvt09 x6prxxf xvq8zen xo1l8bm xzsf02u\"><b>Na ritualu se bomo posvetili trem to\u010dkam izjemno globoko, in sicer:<\/b><\/span><\/div>\n<p>&nbsp;<\/p>\n<ol class=\"x1e56ztr x1xmf6yo x1xfsgkm x3yw8vx\">\n<li>\n<div class=\"x1e56ztr\"><span class=\"x193iq5w xeuugli x13faqbe x1vvkbs x1xmvt09 x6prxxf xvq8zen xo1l8bm xzsf02u\"><b><i>s\u010distili vsa bremena iz okolice <\/i><\/b>, ki smo jih v vseh teh letih povlekli nase ne glede na vir, kar bomo orpavili s pomo\u010djo globoke energijske seanse in svetlobnih aktivacij<br \/>\n(vse, kar se je na na\u0161e energijsko, \u010dustveno, mentalno in fizi\u010dno telo zalepilo in nas \u0161e vedno bremeni tako ali druga\u010de)<\/span><\/div>\n<\/li>\n<li>\n<div class=\"x1e56ztr\"><span class=\"x193iq5w xeuugli x13faqbe x1vvkbs x1xmvt09 x6prxxf xvq8zen xo1l8bm xzsf02u\"><i><b>odstranili vse vezi<\/b><\/i>\u00a0z drugimi osebami, ki so se zaradi na\u0161e oslabljene energijske obrambe prilepile na na\u0161e energijsko polje in so ali \u0161e vedno \u010drpajo iz nas energijo<br \/>\n(ne re\u017eemo vezi z na\u0161imi najmlaj\u0161imi, ker se bodo same odvezale, ko bo \u010das za to &#8211; na\u0161i otroci so \u0161e vedno v na\u0161em energijskem polju, ne bodo pa ve\u010d obremenjeni, ko s\u010distimo vezi z drugimi, saj sedaj tudi sami trpijo zaradi tega \u010drpanja na\u0161e energije s strani drugih!!!)<\/span><\/div>\n<\/li>\n<li>\n<div class=\"x1e56ztr\"><span class=\"x193iq5w xeuugli x13faqbe x1vvkbs x1xmvt09 x6prxxf xvq8zen xo1l8bm xzsf02u\">utrdili energijsko polje, da bomo la\u017eje <i><b>postavili svoje meje<\/b><\/i>\u00a0<i><b>vsem\/u iz okolice<\/b><\/i>, kar nam ne koristi<br \/>\n(kar nam do sedaj ni uspevalo, da bi lahko omejili, bomo sedaj postavili meje)<\/span><\/div>\n<\/li>\n<\/ol>\n<div class=\"x1e56ztr\"><span class=\"x193iq5w xeuugli x13faqbe x1vvkbs x1xmvt09 x6prxxf xvq8zen xo1l8bm xzsf02u\">Ima\u0161 dovolj:<\/span><\/div>\n<ul class=\"x1e56ztr x1xmf6yo x1xfsgkm xtaz4m5\">\n<li>\n<div class=\"x1e56ztr\"><span class=\"x193iq5w xeuugli x13faqbe x1vvkbs x1xmvt09 x6prxxf xvq8zen xo1l8bm xzsf02u\">da ves \u010das na svoji grbi nosi\u0161 bremena drugih?\u00a0<\/span><\/div>\n<\/li>\n<li>\n<div class=\"x1e56ztr\"><span class=\"x193iq5w xeuugli x13faqbe x1vvkbs x1xmvt09 x6prxxf xvq8zen xo1l8bm xzsf02u\">da ne more\u0161 nikamor, ne da bi potem \u010dutil posledice?\u00a0<\/span><\/div>\n<\/li>\n<li>\n<div class=\"x1e56ztr\"><span class=\"x193iq5w xeuugli x13faqbe x1vvkbs x1xmvt09 x6prxxf xvq8zen xo1l8bm xzsf02u\">da ne more\u0161 med ljudi, ker te iz\u010drpa?\u00a0<\/span><\/div>\n<\/li>\n<li>\n<div class=\"x1e56ztr\"><span class=\"x193iq5w xeuugli x13faqbe x1vvkbs x1xmvt09 x6prxxf xvq8zen xo1l8bm xzsf02u\">da ves \u010das \u010duti\u0161 te\u017eo sveta na sebi?\u00a0<\/span><\/div>\n<\/li>\n<li>\n<div class=\"x1e56ztr\"><span class=\"x193iq5w xeuugli x13faqbe x1vvkbs x1xmvt09 x6prxxf xvq8zen xo1l8bm xzsf02u\">da se nikakor ne more\u0161 re\u0161iti teh te\u017ekih energij drugih oseb, ki se ves \u010das obra\u010dajo nate in te \u010drpajo?\u00a0<\/span><\/div>\n<\/li>\n<li>\n<div class=\"x1e56ztr\"><span class=\"x193iq5w xeuugli x13faqbe x1vvkbs x1xmvt09 x6prxxf xvq8zen xo1l8bm xzsf02u\">da ne more\u0161 ve\u010d postaviti nobene meje, ker si \u017ee tako iz\u010drpan?\u00a0<\/span><\/div>\n<\/li>\n<\/ul>\n<div><\/div>\n<div class=\"x1e56ztr\"><span class=\"x193iq5w xeuugli x13faqbe x1vvkbs x1xmvt09 x6prxxf xvq8zen xo1l8bm xzsf02u\">Pridru\u017ei se na tem <b><i>mo\u010dnem in globokem ritualu<\/i><\/b>!!!<\/span><\/div>\n<div class=\"x1e56ztr\"><span class=\"x193iq5w xeuugli x13faqbe x1vvkbs x1xmvt09 x6prxxf xvq8zen xo1l8bm xzsf02u\"><b><i>\u0160li bomo v izvor in tam ustvarjali spremembe<\/i><\/b>, da lahko zadiha\u0161 v svoji energiji brez omejitev in prejme\u0161 mo\u010dne aktivacije, ki ti bodo pomagale, da se znebi\u0161 vsega, kar ni tvoje.<\/span><\/div>\n<p>&nbsp;<\/p>\n<div><\/div>\n<div><\/div>\n<h3>2. del: Delavnica \u017diveti s svojimi darovi<\/h3>\n<blockquote><p>Splo\u0161na prakti\u010dna orodja za empate<\/p><\/blockquote>\n<p>&nbsp;<\/p>\n<div>Bogata delavnica v dveh delih, z obilico smernic in orodij za sre\u010dno \u017eivljenje kot empata.<\/div>\n<div><\/div>\n<div>Vse, kar rabite vedeti o senzibilnostih in vse, kar morate poznati, da se z njimi uspe\u0161no soo\u010date in prevzamete vajeti svojega \u017eivljenja v svoje \u00a0roke!<span class=\"gmail_default\"><br \/>\n<\/span><\/div>\n<div><\/div>\n<div>Vrednost delavnice je neprecenljiva!<\/div>\n<div><\/div>\n<div>\n<div class=\"gmail_default\">Katere tematike pa bomo obravnavali?<\/div>\n<div class=\"gmail_default\"><\/div>\n<\/div>\n<div><\/div>\n<div>\n<div class=\"gmail_default\"><b><span style=\"font-size: large;\">Tematike na 2. stopnji \u2013 splo\u0161no za empate:<\/span><\/b><\/div>\n<\/div>\n<div><\/div>\n<div>\n<ul>\n<li class=\"gmail_default\">Kaj vse okrepi in kaj zmanj\u0161a simptome preobremenjenosti?<\/li>\n<li class=\"gmail_default\">Kako se soo\u010diti z zdravstvenimi te\u017eavami zaradi senzibilnosti?<\/li>\n<li class=\"gmail_default\">Kako prenehati ponotranjevati \u010dustva in energijo drugih ljudi?<\/li>\n<li class=\"gmail_default\">Kak\u0161ne so strategije proti zunanjim energijam?<\/li>\n<li class=\"gmail_default\">Kako uravnavati \u017dS?<\/li>\n<li class=\"gmail_default\">Kako se soo\u010diti z izgorelostjo \/ adrenalno utrujenostjo?<\/li>\n<li class=\"gmail_default\">Kako se \u010dustveno pre\u010distiti?<\/li>\n<li class=\"gmail_default\">Kako se za\u0161\u010dititi pred osebami, ki nam jemljejo energijo?<\/li>\n<li class=\"gmail_default\">Kako se po\u010dutiti za\u0161\u010ditene in varne? Postavljanje mej.<\/li>\n<li class=\"gmail_default\">Kako sprejeti dar empatije?<\/li>\n<\/ul>\n<p>Meditacije, orodja, vaje, tehnike, afirmacije, strategije, smernice &#8230;<\/p>\n<\/div>\n<div><strong>DARILO<\/strong>: Posnetek energijske svetlobne AKTIVACIJE s kodami za osebno za\u0161\u010dito pred zunanjimi vplivi<\/div>\n<div><\/div>\n<p>&nbsp;<\/p>\n<h4><strong>Kaj se bomo nau\u010dili na 2. stopnji:<\/strong><\/h4>\n<p>&nbsp;<\/p>\n<ul>\n<li>vseh potrebnih ve\u0161\u010din za sre\u010dno \u017eivljenje kot empat, saj vas te zunanje energije okolice in ljudi ne bodo ve\u010d obremenjevale \ud83c\udf1f\ud83c\udf3a<\/li>\n<li>razlikovati med svojo in tujo energijo, da boste to\u010dno vedeli, kaj ni va\u0161e \ud83c\udf1f\ud83c\udf3a<\/li>\n<li>za\u0161\u010dite in postavljanja meja, kadarkoli boste to potrebovali \ud83c\udf1f\ud83c\udf3a<\/li>\n<li>\u0161e ve\u010d \u010di\u0161\u010denja na vseh podro\u010djih, da \u0161e globlje harmoniziramo svojo mo\u010d v sebi in odstranimo vse, kar ni va\u0161e \ud83c\udf1f\ud83c\udf3a<\/li>\n<li>za\u010deli bomo \u010dutiti svojo pravo energijo in \u017eiveti pravega sebe \ud83c\udf1f\ud83c\udf3a<\/li>\n<li>prejmete DARILO, ki vam bodo tudi kasneje v pomo\u010d \ud83c\udf1f\ud83c\udf3a<\/li>\n<\/ul>\n<p>&nbsp;<\/p>\n<div><\/div>\n<div><\/div>\n<div><\/div>\n<h4><strong>Kaj pravijo udele\u017eenke programa:<\/strong><\/h4>\n<table width=\"332\">\n<tbody>\n<tr>\n<td width=\"332\">Dober dan Brigita\u263a<\/p>\n<p>se moram kratko javiti, da povem kako mi gre. Imam kar ve\u010d energije, ne da zdaj sebe bolj razumem in vem zakaj<br \/>\nsem tak\u0161na kot sem in zakaj tako reagiram v dolo\u010denih situacijah, to je \u010disto vredu, to sem jaz. Z mano ni ni\u010d narobe.<br \/>\nNekako razumem tudi druge ljudi okrog mene, pa je vse la\u017eje.<br \/>\nBom vadila vsak dan tisto kar mi najbolj ustreza in upam, da mi bo \u0161lo po treh tednih enako<br \/>\ndobro kot danes. \ud83d\udc4d<\/p>\n<p>Se vidimo zve\u010der na 2 delu delavnice \ud83d\udc97<\/p>\n<p>&nbsp;<\/p>\n<p>&nbsp;<\/p>\n<table width=\"332\">\n<tbody>\n<tr>\n<td width=\"332\">Moram ti povedati, da mi je bila zadnja delavnica zelo v\u0161e\u010d &#8211; polno aha momentov in res ful fajn vaje. Ene par je kar moja stalnica postalo. Pa kristal sem dobila, uf, noro, kak\u0161na energija. Sploh se pozna v slu\u017ebi, ko me ponavadi izpijejo, zdaj je veliko, veliko bolje (kristal je namre\u010d z mano v \u017eepu), prej vstopom v slu\u017ebo pa \u0161e prizemljitev in za\u0161\u010dita. <span class=\"x3nfvp2 x1j61x8r x1fcty0u xdj266r xhhsvwb xat24cr xgzva0m xxymvpz xlup9mm x1kky2od\"><img loading=\"lazy\" decoding=\"async\" class=\"xz74otr\" src=\"https:\/\/static.xx.fbcdn.net\/images\/emoji.php\/v9\/tf3\/1.5\/16\/2764.png\" alt=\"\u2764\ufe0f\" width=\"16\" height=\"16\" \/><\/span><\/p>\n<p>&nbsp;<\/p>\n<p>&nbsp;<\/p>\n<p><span class=\"x3nfvp2 x1j61x8r x1fcty0u xdj266r xhhsvwb xat24cr xgzva0m xxymvpz xlup9mm x1kky2od\"><span lang=\"SL\">Tudi sama \u010dutim, da imam \u0161e veliko za po\u010distit. Sem pa z &#8216;oklepom&#8217; bolj mo\u010dna. Bolj mo\u010dna v smislu, da se me vsaka meni manj prijetna beseda tako ne dotakne. Da grem la\u017eje preko in jih skoraj kot presli\u0161im in ne negujem kot prej ali reagiram, pa manj se me dotakne znotraj. <\/span><\/span>Te dni\u00a0 res velikooooo &#8216;spu\u0161\u010dam&#8217;, kar ni moje ter vabim da vstopi vame vse, kar pripada meni.<\/p>\n<p>Bole\u010dino, ki je do sedaj nisem poznala, sprejemam. Je mal\u010dek izpuhtela. Hvale\u017ena. Pocukam, \u010de ne bom zmogla sama. Hvalaaa.<\/p>\n<p>Tako zmedeno sem se po\u010dutila, ker sem skozi va\u0161a predavanja, ki so mi zares koristila, dobila kot odsev, od kdaj&#8230; sem \u017ee dovolila, da &#8216;po\u017erem&#8217; vse \u017eivo za dobre odnose.<\/p>\n<p>Po posnetku za sprostitev zastalih \u010dustev sem tri dni \u010dutila mo\u010dno bole\u010dino na desni strani hrbta, pa vem, da nisem vpletla nobene nove jutranje vaje. Danes je razblinila.<\/p>\n<p>Takooo nekako zelo pomirjena sem kljub v\u010dasih kaosu okrog sebe ali momentom napetosti, ko &#8216;mi je dvignilo plafon&#8217;.\u00a0 Odli\u010dne izku\u0161nje. Se veselim bodo\u010dih korakov.<\/td>\n<\/tr>\n<\/tbody>\n<\/table>\n<\/td>\n<\/tr>\n<\/tbody>\n<\/table>\n","protected":false},"excerpt":{"rendered":"<p>Program v 2 delih, kjer:<\/p>\n<ol>\n<li>najprej pre\u010distimo vse, kar se je do sedaj nabralo tujih energij<\/li>\n<li>nato pa gremo v u\u010denje in spoznavanje vaj, orodij, smernic ter do\u017eivljanje obilice AHA momentov, ki nam lahko spremenijo pogleda na \u017eivljenje &#8211; prakti\u010dno, enostavno, z veliko mero svobode in definitivno pozitivnih rezultatov<\/li>\n<\/ol>\n<p>Vse skupaj pa je ves \u010das podprto z energijsko podporo, \u010di\u0161\u010denjem, svetlobnimi kodami &#8230; in obilico vodil za delo doma.<\/p>\n","protected":false},"featured_media":716,"template":"","meta":[],"product_brand":[],"product_cat":[24],"product_tag":[],"class_list":{"0":"post-708","1":"product","2":"type-product","3":"status-publish","4":"has-post-thumbnail","6":"product_cat-delavnice-in-tecaji","8":"first","9":"instock","10":"virtual","11":"purchasable","12":"product-type-simple"},"jetpack_sharing_enabled":true,"_links":{"self":[{"href":"https:\/\/pure-vibration.com\/shop\/wp-json\/wp\/v2\/product\/708","targetHints":{"allow":["GET"]}}],"collection":[{"href":"https:\/\/pure-vibration.com\/shop\/wp-json\/wp\/v2\/product"}],"about":[{"href":"https:\/\/pure-vibration.com\/shop\/wp-json\/wp\/v2\/types\/product"}],"wp:featuredmedia":[{"embeddable":true,"href":"https:\/\/pure-vibration.com\/shop\/wp-json\/wp\/v2\/media\/716"}],"wp:attachment":[{"href":"https:\/\/pure-vibration.com\/shop\/wp-json\/wp\/v2\/media?parent=708"}],"wp:term":[{"taxonomy":"product_brand","embeddable":true,"href":"https:\/\/pure-vibration.com\/shop\/wp-json\/wp\/v2\/product_brand?post=708"},{"taxonomy":"product_cat","embeddable":true,"href":"https:\/\/pure-vibration.com\/shop\/wp-json\/wp\/v2\/product_cat?post=708"},{"taxonomy":"product_tag","embeddable":true,"href":"https:\/\/pure-vibration.com\/shop\/wp-json\/wp\/v2\/product_tag?post=708"}],"curies":[{"name":"wp","href":"https:\/\/api.w.org\/{rel}","templated":true}]}}